eatest common factor of o and s.
5
Let g(s) = s**3 - 5*s**2 - 6*s + 7. Let b be g(6). Let c(y) = y + 7. Let d be c(0). What is the greatest common divisor of b and d?
7
Let t = -20 - -40. Let s(j) = j**2 - 5*j + 5. Let m be s(4). Let h be -1*m + (14 - 3). Calculate the highest common factor of t and h.
10
Suppose 5*l = 18 + 12. Suppose 4*a + a = -q + 90, -4*q = -3*a + 54. Calculate the highest common divisor of a and l.
6
Let z = 96 - 54. Let d be 1/(-4) + (-25)/(-4). What is the greatest common factor of d and z?
6
Let b(w) = w**3 + 12*w**2 - w + 2. Let m be b(-12). Suppose i - 50 = -4*d + 3*i, -d - i = -17. What is the greatest common factor of m and d?
14
Let f = 9 - -9. Suppose 4*c - 12 = 4. Suppose 0 = n - 4*d - 41, -3*d - 85 = -c*n + 92. Calculate the greatest common divisor of n and f.
9
Suppose 3*k + 7*w - 37 = 2*w, -5*k + 47 = w. Let n be 111/k - 2/6. What is the highest common divisor of n and 72?
12
Suppose -10*r + 6*r - 1540 = 0. Let g = r - -545. Calculate the highest common factor of 20 and g.
20
Let x(n) = 2*n - 3. Let h be x(3). Suppose 0 = -h*p + p + 28. Let z(j) = 24*j + 6. Let s be z(5). What is the highest common factor of s and p?
14
Let l be (-14)/(-4) - 2 - 78/(-4). Calculate the greatest common factor of 189 and l.
21
Suppose 3*k = 3 + 3. Suppose -n - k*n = -12. Suppose -56 = -n*w + 44. Calculate the highest common factor of w and 10.
5
Let h = -22 - -34. Let n = -5 + 6. Let u be (3*43 - -2) + n. What is the greatest common divisor of h and u?
12
Let a be ((-72)/(-15))/(1/5). Let d = -4 - -4. Suppose d*h = -2*h + 72. Calculate the highest common divisor of h and a.
12
Let x = -48 + 246. What is the highest common factor of 18 and x?
18
Suppose -2 = -0*d + 2*d, -5*v - 3*d + 7 = 0. Suppose 14 = v*m + 2. What is the greatest common divisor of 30 and m?
6
Let c(m) = -79*m**3 + m**2 - 1. Let k be c(-1). Suppose 4*u = 45 + k. Suppose -4*v - 3 = -u. Calculate the highest common divisor of v and 56.
7
Let x = 1061 - 661. What is the highest common factor of x and 16?
16
Suppose 20 = 5*r - r. Let z = 6 + -1. Calculate the highest common divisor of z and r.
5
Suppose -y + 3*k - 12 = -0*y, 3*y + 25 = -2*k. Let h(b) = -b - 6. Let w be h(y). Calculate the highest common divisor of w and 15.
3
Suppose 0*v = 5*v - 110. Suppose -3*m - 1 = -v. Calculate the highest common factor of 35 and m.
7
Let s be 3 + -3 + -1 + 1. Suppose s = -2*z + z + 15. Let k be (-1 - -1) + 10/2. What is the greatest common divisor of z and k?
5
Suppose g + 41 = 146. What is the greatest common divisor of g and 21?
21
Let h = 39 + -8. Calculate the greatest common divisor of h and 279.
31
Let b(z) = z**2 + 4*z. Let x be b(-6). Calculate the greatest common factor of x and 48.
12
Let y(h) = 45*h - 44*h + 0*h**2 + h**2 - 5. Let g be y(-5). What is the greatest common factor of 6 and g?
3
Let p be (-67)/(-1) + 3 + -5. Let y(l) = l**3 - 9*l**2 + 9*l + 5. Let o be y(8). What is the highest common factor of o and p?
13
Let c(s) = s + 7. Let y(z) = -z - 4. Let x(q) = -6*c(q) - 11*y(q). Let k be x(2). What is the greatest common factor of k and 3?
3
Let d(s) = 8*s - 16. Let t be d(8). What is the highest common factor of 6 and t?
6
Let g(i) = 2*i**2 - 2*i. Suppose 5 + 3 = -4*c. Let j be g(c). Suppose 138 = 3*q - 150. Calculate the highest common divisor of q and j.
12
Suppose -136 = -5*b + 44. What is the greatest common divisor of b and 9?
9
Let n be (0 - 0)/(6/6). Suppose n = 3*j - 9, 3*g = g - 4*j + 60. Suppose 0 = -2*p - 3*p + 30. Calculate the highest common factor of g and p.
6
Let t be (10*(3 + -2))/1. Let f be (t/(-4))/1*4. Let y be 18/12*f/(-3). Calculate the greatest common divisor of y and 40.
5
Suppose -i = -4*h + 3, -4*i = -h + 4*h - 26. Suppose -2*g - 723 = -5*d, h*d - 164 - 124 = 2*g. Calculate the greatest common divisor of 29 and d.
29
Let r = 17 - -55. What is the greatest common factor of 8 and r?
8
Suppose -6*q = -3*q - 9. Let i = 0 + q. Suppose i*r + 3*o = -o + 118, -3*r - o = -124. Calculate the greatest common divisor of 6 and r.
6
Let z be 44/3 + (-16)/(-12). Let p be z - 3*4/(-6). What is the greatest common divisor of p and 6?
6
Suppose -3*p + 8*p = 285. Suppose -2*b + 11 = -p. Calculate the greatest common factor of 85 and b.
17
Let g be (154/(-55))/((-1)/5). What is the highest common factor of 154 and g?
14
Suppose 0 - 4 = -t. Suppose -5*j + t*v + 26 = -3*j, 4*j - 61 = -v. What is the highest common divisor of j and 6?
3
Suppose -4*j + 311 = -261. Suppose -2*f - 42 = 2*b, -f - 3*b + 63 = -4*f. Let g = -8 - f. What is the highest common divisor of j and g?
13
Let z(c) = c**3 - c**2 + c. Let u be z(1). Suppose 4*h - 2*s = 26, -3*s = 2*h - 5 - 4. Let v be (-8)/(-2) - h/3. What is the greatest common divisor of v and u?
1
Let c(g) = -g**3 + 3*g**2 + g + 2. Let w be c(3). Suppose -2*x + w = -x. Calculate the highest common factor of 50 and x.
5
Suppose -3*z + 6*i + 138 = 0, -76 = -z - 2*i - 2*i. Let s be ((-14)/(-3))/((-1)/(-3)). What is the greatest common divisor of s and z?
14
Let k(w) = 8*w + 1. Let u be k(1). Suppose 0 = 5*j - 79 - 11. What is the highest common factor of j and u?
9
Let m be 6/(-1 - 11/(-9)). Let w(s) = -s**2 - 3*s - 3. Let q be w(-2). Let b be (-6)/1*(q - 2). Calculate the greatest common divisor of m and b.
9
Suppose -15 + 3 = 3*u, 2*s = -4*u - 436. Let w = -145 - s. Let g = -9 + 22. What is the highest common factor of w and g?
13
Suppose -175 = -5*o + 185. Let s be 0 - 1 - (-3 + -6). What is the greatest common divisor of s and o?
8
Let r(c) = 2*c**2 + 23*c - 15. Let z be r(-15). Calculate the highest common divisor of z and 18.
18
Suppose 0 = -5*t + 59 - 24. Let m = -46 - -102. What is the greatest common factor of m and t?
7
Suppose 3*s = -4*p + 79, -s + 4*s = 15. What is the greatest common factor of 16 and p?
16
Let j be 4/12 + 789/9. Let a be (-2)/6 + j/12. Calculate the highest common divisor of 77 and a.
7
Suppose -3*l + 40 = -5*g, 4*g = 3*l + g - 30. What is the greatest common divisor of l and 25?
5
Let p(v) = -2*v + 2*v**2 + 0*v**2 + 4*v. Let r be p(-2). Suppose 0 = j - r*x + 3, 5*j + 2*x - 6 = 1. What is the greatest common divisor of j and 1?
1
Let b be (-635)/(-20) + (-1)/(-4). Suppose -b = -2*n + 52. What is the greatest common divisor of 63 and n?
21
Let j(m) = -2*m + 14. Let i(k) = -3*k + 15. Let a(r) = 3*i(r) - 4*j(r). Let x be a(8). Let v = x - -30. What is the greatest common divisor of v and 11?
11
Suppose g - 29 = -3*r, 0 = -8*g + 4*g + 4*r + 68. Calculate the greatest common factor of 20 and g.
20
Let f = -3 + 6. Let o be (f/(-1))/6*-2. Let q be (o + -3)/(4/(-34)). Calculate the greatest common factor of 17 and q.
17
Suppose 4*w - 13 = -q, -3*q = -5*w + 6*w - 61. What is the greatest common divisor of 105 and q?
21
Suppose -3*a + 10*u + 173 = 5*u, 2*u = -5*a + 278. Suppose 5*t = 94 + a. What is the highest common divisor of 10 and t?
10
Let k = -6 + -2. Let u = k - -16. What is the greatest common divisor of u and 56?
8
Suppose 0*r = 2*r. Suppose r = 3*u - u + 2*c - 102, -4*u + 199 = -c. Calculate the highest common factor of 20 and u.
10
Let q = 170 - 89. Let h = 5 + 4. Calculate the greatest common divisor of q and h.
9
Let t = 1 + -3. Let u = -2 - t. Suppose -2*w - w - 2*n + 17 = u, -5*w - 5*n + 30 = 0. What is the highest common divisor of 15 and w?
5
Let l = -3 - -2. Let b = l + 5. Let j be (-1)/4 + (-81)/(-4). What is the greatest common factor of j and b?
4
Let v be 6/(-12) - (-1)/2. Let i be (-2 - -23)*(3 + v). Calculate the greatest common factor of i and 21.
21
Suppose 6*q = -2*q + 16. Calculate the greatest common factor of q and 8.
2
Suppose -7 = -4*s - 3. What is the highest common divisor of 5 and s?
1
Suppose 2*l = -2*l. Let j be (l - 1*-95) + 1. Suppose -4*s = 2*r - j, -r - s - 3*s + 42 = 0. Calculate the greatest common divisor of 6 and r.
6
Let f(l) = 13*l**2 - 49*l + 8. Let t be f(4). Let y(p) = -p**2 - 6*p + 5. Let n be y(-6). What is the highest common divisor of n and t?
5
Let o = -19 + 28. Suppose 4*u - 15 = 5*b, 5*u - 5*b - 12 = 3. Suppose 0 = -u*p - p + 81. What is the highest common factor of o and p?
9
Suppose 3*h = -2 + 8, -5*m = -4*h - 7. Suppose -5 = m*l - 44. What is the greatest common divisor of l and 26?
13
Let t be 8/(-20)*(-20)/(-2). Let g be (48/9)/(t/(-6))